 + 3*r. Let p(n) = 4*n + 6. Determine p(y).
-6
Let m(i) = i**2 + 3*i + 1. Suppose 2 = 4*k + 6. Let d be m(k). Let t be d/((4/16)/(-1)). Let u(c) = c**3 - 4*c**2 + 2*c - 5. What is u(t)?
3
Let z(n) be the second derivative of -119*n**4/12 + n**3/6 + n**2 - 99*n + 9. Determine z(-1).
-118
Suppose -u + 3*d = 229 - 14, 3*u = d - 685. Let f be (-1035)/u*(-4)/(-3). Let k(t) = t - 7. What is k(f)?
-1
Let s(y) = y**3 - 7*y**2 + 3*y - 17. Let b = -148 + 155. Let l be s(b). Let v(k) = -k**2 + 5*k + 2. What is v(l)?
6
Suppose -6*z = -7*z + 2. Let r(b) = -2*b - 5*b**z + 4*b**2 - 2*b - b**3 + 6*b - 1. Calculate r(1).
-1
Suppose k + 6 = -k. Let b(d) = -7*d. Let l(q) = 8*q + 1. Let c(i) = k*l(i) - 4*b(i). Determine c(-5).
-23
Suppose -15 = l - 5*z, 8*l + 3*z = 11*l + 33. Let t(i) = i**2 + 9*i + 15. What is t(l)?
25
Let t(h) = -4*h**3 + 7*h + 1. Let o(w) = -25*w**3 + 2*w**2 + 47*w - 6. Let g(m) = o(m) - 6*t(m). Determine g(3).
-6
Let l(b) = 27*b + 2. Let t(g) = 8*g + 1. Let c(u) = -3*l(u) + 10*t(u). Let j be 8 + (2 - 4) - -3. Determine c(j).
-5
Let f(h) = h**3 + h**2 + h + 1. Let p(t) = -2*t**3 - 8*t**2 - 6*t - 9. Let g be -2 - -2*(-15)/(-10). Let c(j) = g*f(j) + p(j). Determine c(-6).
-14
Let u(f) = -f**2 - 7*f + 2*f - 1 - 3*f + 5*f. Suppose 9*k - 4*k - 35 = 5*a, -3*a = -4*k + 23. Suppose -5*y - 2*b = 4, -k*y - 13 = -4*b + b. What is u(y)?
1
Let o = -165 - -171. Suppose -11*r - o = -17*r. Let t(b) = -11*b. Determine t(r).
-11
Let k(n) = n**2 + 10*n + 3. Let d be k(-7). Let w = 23 + d. Let x(a) = 4*a**2 - 10*a - 3. Let o(b) = b**2 - b - 1. Let r(s) = w*o(s) - x(s). Calculate r(-3).
-8
Let l(t) = -t**2 + 10*t + 26. Let w be l(12). Let z(s) = 3 - 8 + s + 4 + w. What is z(1)?
2
Let i(y) = -4*y**3 + y**2 - 4*y - 1. Let o(n) = 3*n**3 - 2*n**2 + 3*n + 2. Let k(f) = 4*i(f) + 5*o(f). Let q = 2029 - 2034. Calculate k(q).
-14
Let u(c) = 3*c + 24. Suppose -2*n - 1041 = -2*x - 1009, 3*x = 2*n + 39. Calculate u(n).
-3
Let u(m) be the third derivative of m**4/6 - 61*m**2. Suppose -11*f + 40 + 4 = 0. Determine u(f).
16
Let m(w) = 4*w**3 + 2*w**2 + 3*w - 2. Let d(q) = 13*q**3 - 11*q**2 + 40*q - 17. Let x(o) = -d(o) + 3*m(o). Give x(15).
-4
Let i(b) be the first derivative of 4*b**3/3 - 13*b**2/2 - 13*b + 7852. Give i(-4).
103
Let d(n) = -19*n + 4. Suppose 57*y = 19*y. Give d(y).
4
Let a(q) = -5*q + 53. Let p(z) = -49*z - 771. Let u be p(-16). Determine a(u).
-12
Let f = 21 + -7. Let r(a) = 8*a + 1 + f*a + 5*a - 23*a. Determine r(2).
9
Let n(u) = -4*u**3 - 3*u**2 - 5. Let z(c) = -c**3 + c**2 + 1. Let a(h) = -n(h) + 3*z(h). Let b be (-2)/(-3) + (-80)/12. Let j = b - 0. Give a(j).
8
Let d(o) = 10*o**2 + 40*o**2 + 1 + 39*o**2 - 5*o - 128*o**2. Give d(1).
-43
Let n(j) be the second derivative of -j**5/20 + j**4/3 + j**3/2 + 2*j**2 - 3*j. Let z be n(5). Let d(b) = -36*b - 9 - 141*b + 174*b. Calculate d(z).
9
Let z(p) = -33*p + 8. Let l(h) = 8*h - 4. Let k(r) = -4*l(r) - z(r). Let a be (-3)/((-3)/(-12) + 0). Give k(a).
-4
Let x(v) be the third derivative of v**6/120 + 2*v**5/15 - v**4/24 - 11*v**3/6 + 2*v**2. Let y be (12/(-27))/((-24 + 67)/774). Calculate x(y).
-3
Let w(o) = -4*o**2 - 17*o + 9. Let v(b) = -3*b**2 - 11*b + 6. Let n(d) = -7*v(d) + 5*w(d). Suppose 4*k = 4*l, 18 = 5*k + 152*l - 154*l. What is n(k)?
-9
Suppose 64*o + 93*o - 896 = 45*o. Let f(q) = 3*q**2 - 12*q + 6. Give f(o).
102
Let c = 1088 - 1091. Let v(q) = 6*q**2 + 3*q - 4. Let d(n) = n**2 + n. Suppose -5*l - 16 = -l. Let t(w) = l*d(w) + v(w). Calculate t(c).
17
Suppose 0 = -4*c - 59 + 67. Let n(d) = 2*d**2 - 3*d**2 + d**c - d**2 + 7. Give n(0).
7
Let c = -9 + 3. Let g(o) be the second derivative of 2/3*o**3 + 1/12*o**4 - 1/2*o**2 - 1 - 2*o. Calculate g(c).
11
Let a(w) = -w**3 - w**2 - 8*w - 6. Let r(b) = -5*b**3 - 7*b**2 - 34*b - 24. Let v(l) = -9*a(l) + 2*r(l). Determine v(-6).
18
Let x(b) be the second derivative of b**5/20 - b**4/3 + 2*b**3/3 + 4*b**2 + 321*b. What is x(3)?
11
Let i(t) = t**3 - t**2 + t + 1. Let u(q) = -6*q**3 + 9*q**2 + 2*q - 16. Let v(g) = -5*i(g) - u(g). Let m be ((-28)/(-168))/(4/120). Give v(m).
1
Let o(q) = -2*q**2 + 4*q + 23. Let b be ((-72)/(-60))/((-16)/40). Calculate o(b).
-7
Let j(h) = -10*h**2 + 5*h**2 - h - 2*h**2 + 2*h**3 + 1 + 5*h**2. Let b(o) = -5*o**3 + 6*o**2 - o. Let m(g) = -b(g) - 3*j(g). What is m(2)?
-3
Let y(w) = 4*w**2 - 18*w + 29. Suppose 17 = q + 3*z, 2*q - 4*z + 2416 = 2400. What is y(q)?
9
Suppose -231*g = -2706 + 1089. Let m(a) = -6*a**2 + 35*a + 28. What is m(g)?
-21
Let f(o) = 2*o**3 - o**2 - 1. Let u(w) = -7*w**3 + 3*w**2 + 2*w + 7. Let d(s) = 3*f(s) + u(s). Determine d(2).
0
Suppose -3*k + 53 = -5*i, -6*k + 2*k - 29 = i. Let t(x) = 9*x**2 - 6*x - 9. Let j(d) = 4*d**2 - 3*d - 4. Let m(u) = i*j(u) + 6*t(u). Give m(2).
12
Let f(l) = -l**3 - 5*l**2 + 2*l + 15. Suppose 60 - 7 - 1 = -13*b. What is f(b)?
-9
Let q(c) = 26*c + 174. Let z be q(-7). Let y(k) be the third derivative of -k**2 + 13/6*k**3 + 1/24*k**4 + 0*k + 0. Give y(z).
5
Let m(a) = -a**2 + 5*a - 8. Let g be (-20 - (-23 - 5)) + 1 + 1. What is m(g)?
-58
Suppose q - 54 = 3*q + 3*s, -3*s = q + 30. Let g be -2 + (q/2)/2. Let h(c) = 521*c - 261*c + 1 - 261*c. What is h(g)?
9
Let h(l) = -24*l - 431. Let x be h(-18). Let f(r) be the second derivative of -r**4/3 - r**3/2 + r**2 + 9*r. Give f(x).
-5
Suppose 0 = 2*u + 7 - 3. Let v(b) = 11*b + 3 - 1 + 594*b - 604*b - 7*b**2. Determine v(u).
-28
Suppose -2*t - 30 = t + 3*q, -2*t + 3*q = 0. Let s(d) = 3*d + 14. Let h be s(t). Let f(i) = -5*i**2 + i**3 - 5 + 295*i - 2*i**3 - 301*i + 0*i**2. Give f(h).
3
Suppose b + b + 3*u + 3 = 0, -50 = -5*b + 4*u. Suppose 5*k - 3*i - 8 = 0, k - i - b = 4*i. Let q(o) = -o**2 + 2 + k - 2 + 0 - 3*o. Give q(-3).
1
Let l(h) = -13*h**3 + 23*h**2 - 34*h - 12. Let b(v) = -9*v**3 + 15*v**2 - 23*v - 8. Let i(q) = 10*b(q) - 7*l(q). What is i(10)?
-16
Let m(f) = 6*f**2 + 40*f - 7. Let o be 6*(3/(-15) + 126/180) + -10. Give m(o).
7
Let o(q) be the second derivative of 0*q**4 + 0 + 11/6*q**3 - 1/40*q**5 + 0*q**2 + 42*q. Let k(d) be the second derivative of o(d). Calculate k(-1).
3
Let z = -61 + 63. Suppose -5*h + 15 = 0, h = -z*b - 0*h + 215. Let t(n) = -b - n + 50 + 52. Calculate t(-6).
2
Let j(d) = -20 + 63 + 4*d - 15 - 16 - 18. Determine j(-4).
-22
Suppose -4*a - 15 = -43. Let t be (-4)/14 + (-26)/a. Let s(j) = 17*j**2 - 89*j - 5. Let m(l) = 3*l**2 - 15*l - 1. Let f(b) = 6*m(b) - s(b). Determine f(t).
19
Let b(o) = o + 4. Suppose -27*j = -1111 - 779. Suppose -3*x + j = 11*x. Determine b(x).
9
Let p be (534/(-5))/((48/(-10))/12). Suppose -p + 270 = -n. Let l(c) = -3*c - 2. What is l(n)?
7
Suppose -32*o - 40 = -37*o. Let d(v) = -o + 6 - 2*v - 2 + 14. Give d(9).
-8
Let v(n) = n**2 + n - 3. Let x be v(-4). Let u(j) be the second derivative of j**4/12 - 5*j**3/3 + 11*j**2/2 + 1438*j. Determine u(x).
2
Let h be 5*-15*1/3. Let i = h - -25. Let u(c) = 3*c**2 - c + 6. Let z(m) = -7*m**2 + 3*m - 12. Let w(k) = -5*u(k) - 2*z(k). Determine w(i).
-6
Let t be (760/90)/((-4)/(-18)). Suppose 8*a + 300 = t*a. Let s(v) = v**3 - 9*v**2 - 7*v - 3. Calculate s(a).
27
Let n(r) = -3*r**3 + 2*r**3 + 0*r**3 + 3*r - 8 + 3*r**2 + 9. Let b = 135 - 133. Suppose 0 = -b*h - 2*h + 16. Determine n(h).
-3
Let u(v) = -7*v**2 + 4841*v**3 - 18*v + 12*v - 4842*v**3 - 4. Determine u(-4).
-28
Let u(v) be the third derivative of v**5/30 - v**4/6 + 4*v**3/3 + 194*v**2 + 1. Calculate u(2).
8
Let s(y) = -2*y + 1. Let n(i) = -i. Let t(g) = 4*g. Let p(d) = -9*n(d) - 2*t(d). Let b(a) = 5*p(a) + s(a). Calculate b(-1).
-2
Let l(z) = -8*z + 3 + 0 + 1. Let q = 9 - 10. Let r(i) = i - 1. Let n(w) = q*l(w) - 3*r(w). Determine n(2).
9
Let j(m) = -2*m. Let v be (-2 - -1 - 3)*1595/(-638). Calculate j(v).
-20
Let w be 6/(-4) - 18/12. Let d(s) = -s - 1. Let i(j) = -1114 - 7*j - 1116 + 2222. Let c(k) = w*i(k) + 24*d(k). Give c(1).
-3
Let k(c) = -c**2 - 58*c - 20. Let a(q) = 57*q + 20. Let r(v) = -3*a(v) - 4*k(v). Give r(-15).
5
Let m be (-7 - -1)*3/(-6). Let h(u) = 16*u**m - 2 + u**2 + 2*u + 3 - 4*u. Suppose -476*n = -2*d - 475*n + 1, -2*d + 5*n = 3. Determine h(d).
16
Let t(v) be the second derivative of -v**4/12 - 4*v**3/3 + v**2 + 10*v. Suppose 5*s + 47 = 73*x - 69*x, 2*x - 6 = 0. What is t(s)?
9
Let b(g) = 5*g + 4. Let s be b(4). Let t be 114/16 + (-3)/s. Let o(i) = t + 3*i + 0*i**2 - i**2 - 2*i